528875)))/1 composite?
False
Let g(q) = -1068*q**3 + 2*q + 1. Is g(-1) a prime number?
False
Let d be (0 + -1)*(26 + -1). Suppose 3744 = 9*t - 279. Let k = t + d. Is k a composite number?
True
Let y(l) = 3*l**3 - 6*l**2 + l - 7. Let k be y(6). Let z = k - 52. Is z a prime number?
True
Suppose 10*h = -2*h + 35052. Is h prime?
False
Suppose -10*m = -66*m + 583912. Is m a prime number?
True
Suppose -5*u + 28 = -22. Suppose -3*v + u = -v. Suppose 246 = v*p + 61. Is p composite?
False
Let s = -28 + 31. Suppose -s*j - 3*d + 585 = -0*d, -183 = -j + 2*d. Is j a composite number?
False
Let a = 4993 + -2384. Is a prime?
True
Suppose 8*p - 13*p = 0. Suppose p = -w - 2*w. Suppose w*r - 8 = -4*r. Is r a composite number?
False
Let j(q) be the second derivative of 4*q**3/3 + 5*q**2/2 + q. Suppose -66 = -8*w - 3*w. Is j(w) composite?
False
Suppose -2*b + 4*z + z - 9 = 0, 12 = -b + 4*z. Suppose -3*d = -3*u + 2433, -b*d + 10*d = -4. Is u a composite number?
False
Let l be (-336)/(-156) + (-4)/26. Suppose -4*a + 3*g + 13105 = 0, 2*a - l*g = 3917 + 2637. Is a a composite number?
True
Let g be ((-14)/(-6))/(2/(-822)). Let o = g + 1852. Is o a composite number?
True
Suppose 4*z = -4*l + 48572, 0 = z - 2*z - 3*l + 12135. Is z prime?
False
Let c(h) = h + 11. Let k be c(-6). Suppose 0 = -5*n - 4*w + 4109, n = -0*n - k*w + 826. Is n prime?
True
Let b(o) = -3*o**3 - 21*o**2 - 35*o - 4. Let i(p) = -p**3 - 7*p**2 - 12*p - 1. Let a(v) = -4*b(v) + 11*i(v). Is a(-5) a composite number?
True
Let y(h) = h**2 - 3*h - 3. Let t be y(-6). Let f = -41 - -9. Let k = t + f. Is k prime?
True
Suppose 0*o - 8305 = 5*o. Let h = o + 3258. Is h composite?
False
Is (-7 - 24/(-3))/(3/13641) composite?
False
Suppose 439329 + 577428 = 63*i. Is i composite?
False
Let u(z) = -z**3 - 2*z**2 - 3*z. Let c be u(0). Let a(t) = 2*t + 321. Is a(c) composite?
True
Let t(b) = 42*b - 19. Let k be t(17). Suppose 130 - k = -5*u. Is u a prime number?
True
Is 3/11 + (-3126188)/(-286) a prime number?
False
Suppose 0 = -7*f - 11 - 24. Let o = 1 + -3. Let i = o - f. Is i a composite number?
False
Suppose -2*o - o = -2940. Let w = -582 + o. Is (-12 - -11)/((-2)/w) prime?
True
Suppose 3*d + 16463 - 149 = o, -5*o = 3*d - 81552. Is o a prime number?
False
Suppose 3 = -2*r - 4*w + 5, 2*r - 2*w = 8. Suppose 0*h + 6 = 2*h. Suppose r*p - 4*p = h*d - 57, 0 = 3*p + 4*d - 161. Is p prime?
False
Let b = -10196 - -17353. Is b composite?
True
Let p = -3125 - -5301. Let c = -1089 + p. Is c prime?
True
Let x = 1223 - -1434. Is x a prime number?
True
Suppose 9*v - 3*t = 6*v + 13809, 0 = -4*v + 3*t + 18416. Is v a composite number?
True
Suppose 167*c - 140*c - 15822 = 0. Is c composite?
True
Let b(z) = -241*z - 15. Let v be b(9). Let l = -337 - v. Is l a prime number?
True
Let n(p) = 2*p - 11. Let q be n(7). Suppose 450 = q*b + 15. Is b prime?
False
Let a(p) = 2*p - 6. Let u be a(6). Suppose 9 = 5*w - u. Suppose w*j - 106 = 185. Is j a composite number?
False
Suppose 0*a + 2*a + 78 = 0. Is (-29)/(42/a - -1) composite?
True
Let a(k) = 4*k**2 - 6*k - 1. Let n(j) = -5*j + 5*j**2 - 2*j + 0*j**2. Let x(i) = 3*a(i) - 2*n(i). Is x(4) a composite number?
False
Let q = 12530 - 4321. Is q a prime number?
True
Let p be (1048/(-6))/(-4 + 30/9). Let a = -10 - 35. Let w = a + p. Is w prime?
False
Is (-2 + 0)/((-16)/872) a prime number?
True
Let l be 2/(-10) - (-149)/(-5). Suppose -5*g + 1437 = -q + 287, -g + 4*q + 230 = 0. Is (24/l)/((-4)/g) prime?
False
Let x(q) = 52*q - 253. Is x(27) prime?
True
Let z be (-3)/5 + 301/35. Suppose 24 = -2*y - 2*j, y + 0*j - 4*j - z = 0. Is 4*((-438)/y + 1) composite?
False
Let v(l) be the third derivative of 5*l**4/8 - 23*l**3/6 - 16*l**2. Is v(14) a composite number?
True
Let g(m) = 4*m**3 + 2*m**2 - m**3 + 18*m - 4 + 3 - 5*m. Is g(6) prime?
True
Suppose -2*d + 4 + 0 = 0. Let q(i) = -2*i**2 + 3*i**2 + 0 + 3*i**d + 3. Is q(8) a prime number?
False
Let q(n) = -198*n + 2. Let r be q(3). Suppose 2*w = -0*l - 5*l + 1698, 2*w = -2*l + 1710. Let a = r + w. Is a composite?
True
Let w be (-6)/(-5)*30/9. Let j(h) = -h**3 + 6*h**2 - 3*h + 3. Is j(w) prime?
True
Let w(k) = 111*k**2 - 10*k + 6. Let p be w(4). Suppose -1258 = -v + z, -3*z - 771 - p = -2*v. Is v a prime number?
False
Let k(q) be the third derivative of q**6/60 - q**5/15 + q**4/24 - 4*q**2. Is k(5) a prime number?
False
Suppose k - 95367 = -4*x, 0 = -7*x + 5*x + k + 47691. Is x prime?
False
Suppose 0 = p - 2*p. Let r(b) = -8*b + 213. Let f(c) = 2*c. Let l(q) = 3*f(q) + r(q). Is l(p) prime?
False
Let p(k) = k**3 + 70*k**2 - 116*k - 136. Is p(-69) composite?
True
Suppose -11*o = 59126 - 191225. Is o composite?
True
Let h = -379 + 3974. Is h a composite number?
True
Let t(u) = 85*u**2 - 40*u + 215. Is t(-30) composite?
True
Suppose 4*y = -5*q + 83569, 8*q = 5*y + 3*q - 104450. Is y prime?
False
Let l = -8 + 13. Suppose k - 5*c - 21 = 0, -l*k - 4*c - 15 = -4*k. Is 760/6 - k/(-3) a prime number?
True
Suppose 158228 = -116*a + 120*a. Is a composite?
True
Let b be ((-2)/(-6))/(2/18). Suppose -16 = -b*i + 8. Let p(u) = 37*u + 11. Is p(i) prime?
True
Let b(n) = -n**3 + 12*n - 7. Let x be b(8). Let u = -232 - x. Is u prime?
True
Suppose 9957 = v + 2*i, 4*i - 9960 = -v + 3*i. Let w = v + -6808. Is w composite?
True
Let x(a) = -a**2 - 14*a - 8. Suppose -2*s + 0*s + 6 = 0. Suppose o + s = -8. Is x(o) a prime number?
False
Let i be ((-6)/5)/((-6)/(-40)). Let x(n) = -n - 10. Let v be x(i). Is v/1 - (0 - 143) a composite number?
True
Let s be (6/9 + (-2)/2)*0. Suppose 2880 + 1319 = 5*i + 2*u, s = i + 4*u - 847. Is i prime?
True
Suppose 4421 = 3*t - 11*h + 7*h, 7363 = 5*t - 4*h. Is t prime?
True
Is 3898/(-4)*(6 - (0 + 8)) prime?
True
Suppose 0*t + t - 4*s = -3, -12 = 4*t - 4*s. Is (3012/(-6))/(1 + t) a composite number?
False
Let g(p) = -p**3 - 6*p**2 + 2*p + 10. Let o be g(-6). Is (505/4)/(o/(-8)) composite?
True
Let x be (3 - 1/(-1))*1. Let g = 3 - x. Is g + 26 - (-8 + 10) prime?
True
Let v(i) = -232*i + 5. Let l(m) = -m**3 - 16*m**2 - 16*m - 18. Let o be l(-15). Is v(o) composite?
False
Let q(n) = -60*n**3 - n**2 - 5*n + 1. Is q(-2) a composite number?
False
Let v be 4/12 + 48/18. Let r(w) = 7*w**3 - 3*w**2 - 2*w + 5. Is r(v) prime?
False
Suppose 36 + 994 = 2*n. Suppose 5*i = 2*g - n, 395 + 132 = 2*g - i. Is g composite?
True
Let i be (15/(-45))/(2/(-54)). Suppose -1062 = i*x - 18*x. Is x prime?
False
Let o = -23 + 28. Let h be 2/7 - (-10296)/28. Suppose -2*x = 3*r - h, -r = -o*r - 8. Is x a composite number?
True
Let v(o) = -181*o + 48. Is v(-5) composite?
False
Suppose -20*o - 3787 = -f - 19*o, 3*f = -2*o + 11361. Is f composite?
True
Let g(s) = -s**3 + 65*s**2 + 99*s + 136. Is g(61) a prime number?
True
Let o(g) = 21*g - 1. Let a(c) = c. Let f(z) = -4*a(z) - o(z). Let j be f(-1). Let i = 77 - j. Is i a composite number?
True
Let f(t) = -77*t + 12. Suppose -12 = 2*s - 0*s. Let m be f(s). Let b = m - 67. Is b a composite number?
True
Is ((-1547865)/120 + 1/(-8))*-7 a prime number?
False
Let d = 1137 + -730. Is d composite?
True
Let f(q) = q + 21. Let p be f(-13). Suppose -4*c + 0*c - p = -2*s, -10 = 5*s + 5*c. Suppose 3*v = -3*n + 444, s = -3*n - 5*v - 0*v + 454. Is n composite?
True
Suppose -s + 5*n + 5262 = 0, 39*s - 21133 = 35*s + 3*n. Is s prime?
False
Suppose 8*u - 3778 = 38406. Is u composite?
False
Is 2018 + -2 - (-4)/4 a prime number?
True
Is (-12 - (-23 - -12))/(1/(-20563)) prime?
True
Suppose y + 26036 = 5*m, -16*y - 5212 = -m - 11*y. Is m composite?
True
Is ((-235)/10)/(4/(-328)) a prime number?
False
Suppose -3*d + 3*h = -3543, -4*h = 4*d - 1345 - 3411. Let x = 3470 - d. Is x a composite number?
True
Suppose 5*o = -5*x + 888700, -15*x + 11*x - 5*o = -710961. Is x a prime number?
True
Suppose 4*i + 4*q + 16 = 2*i, 0 = 5*i + q + 40. Let p(x) = 26*x**2 + 16*x - 13. Is p(i) composite?
False
Let u(i) = -i**2 - 11*i + 5. Let m be u(-11). Suppose -2*n - 5*a = -n - 179, -m*n - a + 895 = 0. Is n prime?
True
Let b = -10 + -2. Let r be b*(-3 - (-21)/(-2)). Let f = r + 185. Is f a composite number?
False
Let d = 97 + -92. Suppose d*j = s - 6*s + 3750, -j + 762 = -3*s. Is j a prime number?
False
Suppose 47*l - 112410 = 17*l. Is l composite?
True
Is 2*20555/(-20)*(1 + -3) prime?
True
Let h = 4527 - 2984. Is h composite?
False
Let s(h) = h**3 - h**2 + 65. Let u be s(0